{"id":918,"date":"2020-03-24T14:34:27","date_gmt":"2020-03-24T14:34:27","guid":{"rendered":"https:\/\/pcm.pomorskie.pl\/?page_id=918"},"modified":"2020-08-06T11:28:39","modified_gmt":"2020-08-06T11:28:39","slug":"naprawa-i-serwis","status":"publish","type":"page","link":"https:\/\/pcm.pomorskie.pl\/index.php\/naprawa-i-serwis\/","title":{"rendered":"Naprawa i serwis"},"content":{"rendered":"<p>[et_pb_section fb_built=&#8221;1&#8243; custom_padding_last_edited=&#8221;on|phone&#8221; admin_label=&#8221;Header&#8221; _builder_version=&#8221;3.26.5&#8243; use_background_color_gradient=&#8221;on&#8221; background_color_gradient_start=&#8221;#f6f7fa&#8221; background_color_gradient_end=&#8221;rgba(255,255,255,0)&#8221; background_color_gradient_direction=&#8221;90deg&#8221; background_color_gradient_start_position=&#8221;39%&#8221; background_color_gradient_end_position=&#8221;58%&#8221; background_color_gradient_overlays_image=&#8221;on&#8221; background_image=&#8221;https:\/\/pcm.pomorskie.pl\/wp-content\/uploads\/2020\/03\/naprawa-wag-1.png&#8221; background_position=&#8221;top_center&#8221; custom_margin=&#8221;|||&#8221; custom_padding=&#8221;15vw||15vw||true|false&#8221; custom_padding_tablet=&#8221;||||false|false&#8221; custom_padding_phone=&#8221;||||false|false&#8221; bottom_divider_height=&#8221;14px&#8221; bottom_divider_repeat_tablet=&#8221;14x&#8221; bottom_divider_repeat_phone=&#8221;7x&#8221; bottom_divider_repeat_last_edited=&#8221;on|phone&#8221;][et_pb_row _builder_version=&#8221;3.25&#8243;][et_pb_column type=&#8221;4_4&#8243; _builder_version=&#8221;3.25&#8243; custom_padding=&#8221;|||&#8221; custom_padding__hover=&#8221;|||&#8221;][et_pb_text disabled_on=&#8221;on|off|off&#8221; _builder_version=&#8221;3.26.5&#8243; text_font=&#8221;||||||||&#8221; header_font=&#8221;Titillium Web||||||||&#8221; header_font_size=&#8221;50px&#8221; header_line_height=&#8221;1.4em&#8221; header_2_font=&#8221;||||||||&#8221; header_2_text_color=&#8221;rgba(0,0,0,0.35)&#8221; header_2_font_size=&#8221;20px&#8221; header_2_line_height=&#8221;1.6em&#8221; max_width=&#8221;500px&#8221; custom_margin=&#8221;|||-69px||&#8221; animation_style=&#8221;slide&#8221; animation_direction=&#8221;bottom&#8221; header_font_size_tablet=&#8221;35px&#8221; header_font_size_phone=&#8221;25px&#8221; header_font_size_last_edited=&#8221;on|desktop&#8221;]<\/p>\n<h1>Naprawa i Serwis<\/h1>\n<p>[\/et_pb_text][\/et_pb_column][\/et_pb_row][\/et_pb_section][et_pb_section fb_built=&#8221;1&#8243; _builder_version=&#8221;3.26.5&#8243; custom_padding=&#8221;||0px|||&#8221;][et_pb_row column_structure=&#8221;3_5,2_5&#8243; _builder_version=&#8221;3.26.5&#8243; max_width=&#8221;1899px&#8221;][et_pb_column type=&#8221;3_5&#8243; _builder_version=&#8221;3.26.5&#8243;][et_pb_text disabled_on=&#8221;off|off|on&#8221; _builder_version=&#8221;3.26.5&#8243; text_font=&#8221;||||||||&#8221; header_font=&#8221;Titillium Web||||||||&#8221; header_font_size=&#8221;50px&#8221; header_line_height=&#8221;1.4em&#8221; header_2_font=&#8221;||||||||&#8221; header_2_text_color=&#8221;rgba(0,0,0,0.35)&#8221; header_2_font_size=&#8221;20px&#8221; header_2_line_height=&#8221;1.6em&#8221; max_width=&#8221;500px&#8221; animation_style=&#8221;slide&#8221; animation_direction=&#8221;bottom&#8221; header_font_size_tablet=&#8221;35px&#8221; header_font_size_phone=&#8221;25px&#8221; header_font_size_last_edited=&#8221;on|desktop&#8221;]<\/p>\n<h1>Naprawa i Serwis<\/h1>\n<p>[\/et_pb_text][et_pb_text _builder_version=&#8221;3.26.5&#8243; text_text_color=&#8221;#000000&#8243; text_font_size=&#8221;16px&#8221;]<\/p>\n<p textrwdproperties=\"{&quot;rwdMode_1&quot;:{&quot;fontSize&quot;:&quot;20px&quot;,&quot;lineHeight&quot;:&quot;24px&quot;,&quot;textAlign&quot;:&quot;justify&quot;}}\"><span><strong>Serwis<\/strong>\u00a0jest zwyk\u0142\u0105 czynno\u015bci\u0105 obs\u0142ugow\u0105<\/span><\/p>\n<p textrwdproperties=\"{&quot;rwdMode_1&quot;:{&quot;fontSize&quot;:&quot;&quot;,&quot;lineHeight&quot;:&quot;&quot;,&quot;textAlign&quot;:&quot;justify&quot;}}\"><span>jednak bardzo istotn\u0105 z punktu widzenia zmniejszenia awaryjno\u015bci urz\u0105dze\u0144.<\/span><\/p>\n<p textrwdproperties=\"{&quot;rwdMode_1&quot;:{&quot;fontSize&quot;:&quot;&quot;,&quot;lineHeight&quot;:&quot;&quot;,&quot;textAlign&quot;:&quot;justify&quot;}}\"><span>Oferujemy Pa\u0144stwo pe\u0142n\u0105 obs\u0142ug\u0119 gwarancyjn\u0105 i pogwarancyjn\u0105 wag wi\u0119kszo\u015bci\u00a0<\/span><span style=\"font-size: 16px;\">producent\u00f3w dost\u0119pnych na rynku. W zakres naszych us\u0142ug wchodz\u0105 nast\u0119puj\u0105ce\u00a0<\/span><span style=\"font-size: 16px;\">czynno\u015bci obs\u0142ugowe:<\/span><\/p>\n<ul>\n<li textrwdproperties=\"{&quot;rwdMode_1&quot;:{&quot;fontSize&quot;:&quot;&quot;,&quot;lineHeight&quot;:&quot;&quot;,&quot;textAlign&quot;:&quot;justify&quot;}}\"><span>fachowa diagnostyka usterki lub awarii<\/span><\/li>\n<li textrwdproperties=\"{&quot;rwdMode_1&quot;:{&quot;fontSize&quot;:&quot;&quot;,&quot;lineHeight&quot;:&quot;&quot;,&quot;textAlign&quot;:&quot;justify&quot;}}\"><span>szybka naprawa poprzedzona rzeteln\u0105 kalkulacj\u0105 koszt\u00f3w<\/span><\/li>\n<li textrwdproperties=\"{&quot;rwdMode_1&quot;:{&quot;fontSize&quot;:&quot;&quot;,&quot;lineHeight&quot;:&quot;&quot;,&quot;textAlign&quot;:&quot;justify&quot;}}\"><span>ponowna kalibracja uk\u0142adu pomiarowego celem wyeliminowania\u00a0<\/span>b\u0142\u0119d\u00f3w wskaza\u0144<\/li>\n<\/ul>\n<ul>\n<li textrwdproperties=\"{&quot;rwdMode_1&quot;:{&quot;fontSize&quot;:&quot;&quot;,&quot;lineHeight&quot;:&quot;&quot;,&quot;textAlign&quot;:&quot;justify&quot;}}\"><span>mo\u017cliwo\u015b\u0107 wykonania legalizacji ponownej lub wzorcowania<\/span><\/li>\n<li textrwdproperties=\"{&quot;rwdMode_1&quot;:{&quot;fontSize&quot;:&quot;&quot;,&quot;lineHeight&quot;:&quot;&quot;,&quot;textAlign&quot;:&quot;justify&quot;}}\"><span>zapewnienie wzorc\u00f3w masy lub przyrz\u0105d\u00f3w pomiarowych<\/span>\u00a0kontrolnych<\/li>\n<li textrwdproperties=\"{&quot;rwdMode_1&quot;:{&quot;fontSize&quot;:&quot;&quot;,&quot;lineHeight&quot;:&quot;&quot;,&quot;textAlign&quot;:&quot;justify&quot;}}\">mo\u017cliwo\u015b\u0107 zapewnienia urz\u0105dze\u0144 zast\u0119pczych na czas naprawy<\/li>\n<\/ul>\n<p textrwdproperties=\"{&quot;rwdMode_1&quot;:{&quot;fontSize&quot;:&quot;&quot;,&quot;lineHeight&quot;:&quot;&quot;,&quot;textAlign&quot;:&quot;justify&quot;}}\"><span>Istotn\u0105 kwesti\u0105 jest te\u017c nasz zasi\u0119g dzia\u0142ania, ze wzgl\u0119du na mobilny<\/span><\/p>\n<p textrwdproperties=\"{&quot;rwdMode_1&quot;:{&quot;fontSize&quot;:&quot;&quot;,&quot;lineHeight&quot;:&quot;&quot;,&quot;textAlign&quot;:&quot;justify&quot;}}\"><span>serwis\u00a0<\/span><span>jeste\u015bmy wstanie dotrze\u0107 do ka\u017cdego z miejsca w kraju. Zawsze pracujemy do ko\u0144ca czyli do momentu kiedy urz\u0105dzenie pomiarowe b\u0119dzie ponownie w pe\u0142ni sprawne i gotowe do dalszej bezawaryjnej pracy.<\/span><\/p>\n<p>[\/et_pb_text][\/et_pb_column][et_pb_column type=&#8221;2_5&#8243; _builder_version=&#8221;3.26.5&#8243; background_enable_color=&#8221;off&#8221;][et_pb_image src=&#8221;https:\/\/pcm.pomorskie.pl\/wp-content\/uploads\/2020\/03\/service.png&#8221; align=&#8221;center&#8221; _builder_version=&#8221;3.26.5&#8243;][\/et_pb_image][\/et_pb_column][\/et_pb_row][\/et_pb_section][et_pb_section fb_built=&#8221;1&#8243; _builder_version=&#8221;3.26.5&#8243; custom_margin=&#8221;14px|||||&#8221; custom_padding=&#8221;54px||0px|||&#8221;][et_pb_row _builder_version=&#8221;3.26.5&#8243;][et_pb_column type=&#8221;4_4&#8243; _builder_version=&#8221;3.26.5&#8243;][dsm_text_divider header=&#8221;Oferujemy naprawy gwarancyjne i pogwarancyjne&#8221; color=&#8221;#0c71c3&#8243; _builder_version=&#8221;3.26.5&#8243; header_font=&#8221;Titillium Web||||||||&#8221; header_font_size=&#8221;30px&#8221;][\/dsm_text_divider][et_pb_text _builder_version=&#8221;3.26.5&#8243; text_text_color=&#8221;#000000&#8243; text_font_size=&#8221;16px&#8221;]<\/p>\n<div id=\"element_1043\" data-element-type=\"text\" class=\"ww_element\" fixed=\"false\" fullwidth=\"false\" data-positionorigin=\"pageTopLeft\">\n<div id=\"element_1043_content\" class=\"content text_content\">\n<div class=\"ww_text_wrapper forceLineHeight wwTextContent\">\n<p textrwdproperties=\"{&quot;rwdMode_1&quot;:{&quot;fontSize&quot;:&quot;&quot;,&quot;lineHeight&quot;:&quot;&quot;,&quot;textAlign&quot;:&quot;justify&quot;}}\"><span>Zapewniamy profesjonalne naprawy wag<strong>\u00a0<\/strong>podczas okresu trwania gwarancji.<\/span><\/p>\n<p textrwdproperties=\"{&quot;rwdMode_1&quot;:{&quot;fontSize&quot;:&quot;&quot;,&quot;lineHeight&quot;:&quot;&quot;,&quot;textAlign&quot;:&quot;justify&quot;}}\"><span>Dysponujemy wyszkolonym personelem zawsze s\u0142u\u017c\u0105cym Pa\u0144stwu fachow\u0105 wiedz\u0105 oraz zdobytym do\u015bwiadczeniem, oraz magazynem oryginalnych cz\u0119\u015bci zamiennych.<\/span><\/p>\n<p><span>Jakie naprawy realizujemy:<\/span><\/p>\n<ul>\n<li><span>pe\u0142na diagnostyka urz\u0105dze\u0144 przed napraw\u0105 (us\u0142uga bezp\u0142atna)<\/span><\/li>\n<li><span>wymiana uszkodzonych tensometr\u00f3w<\/span><\/li>\n<li><span>wymiana uszkodzonych lub zbitych wy\u015bwietlaczy<\/span><\/li>\n<li><span>wymiana uszkodzonych przewod\u00f3w<\/span><\/li>\n<li><span>wymiana lub naprawa elektroniki i uk\u0142ad\u00f3w scalonych<\/span><\/li>\n<li><span>wymiana lub naprawa cz\u0119\u015bci mechanicznych<\/span><\/li>\n<li><span>wymiana akumulator\u00f3w<\/span><\/li>\n<li><span>wymiana lub naprawa zasilaczy<\/span><\/li>\n<li><span>wymiana lub naprawa gniazd \u0142adowania<\/span><\/li>\n<\/ul>\n<p><span>Po ka\u017cdej naprawie dokonujemy ponownej kalibracji \/ adiustacji wagi, potwierdzonej protoko\u0142em serwisowym. Co daje Pa\u0144stwu pe\u0142ny wgl\u0105d i informacj\u0119 dotycz\u0105c\u0105 przyczyny uszkodzenia, przebiegu naprawy oraz wykazu wymienionych cz\u0119\u015bci, wynik\u00f3w pomiar\u00f3w z przed i po naprawie.<\/span><\/p>\n<p textrwdproperties=\"{&quot;rwdMode_1&quot;:{&quot;fontSize&quot;:&quot;&quot;,&quot;lineHeight&quot;:&quot;&quot;,&quot;textAlign&quot;:&quot;justify&quot;}}\"><span>Istotn\u0105 kwesti\u0105 jest te\u017c nasz zasi\u0119g dzia\u0142ania, ze wzgl\u0119du na mobilny<\/span><\/p>\n<p textrwdproperties=\"{&quot;rwdMode_1&quot;:{&quot;fontSize&quot;:&quot;&quot;,&quot;lineHeight&quot;:&quot;&quot;,&quot;textAlign&quot;:&quot;justify&quot;}}\"><span>serwis\u00a0<\/span><span>jeste\u015bmy wstanie dotrze\u0107 do ka\u017cdego z miejsca w kraju. Zawsze pracujemy do ko\u0144ca czyli do momentu kiedy urz\u0105dzenie pomiarowe b\u0119dzie ponownie w pe\u0142ni sprawne i gotowe do dalszej bezawaryjnej pracy.\u00a0<\/span><span style=\"font-size: 16px;\">Wykonujemy r\u00f3wnie\u017c naprawy starych wag mechanicznych.<\/span><\/p>\n<\/div>\n<\/div>\n<\/div>\n<p>[\/et_pb_text][\/et_pb_column][\/et_pb_row][et_pb_row _builder_version=&#8221;3.26.5&#8243;][et_pb_column type=&#8221;4_4&#8243; _builder_version=&#8221;3.26.5&#8243;][dsm_text_divider header=&#8221;Oferujemy us\u0142ugi w zakresie naprawy wag  nast\u0119puj\u0105cych producent\u00f3w&#8221; color=&#8221;#0c71c3&#8243; _builder_version=&#8221;3.26.5&#8243; header_font=&#8221;Titillium Web||||||||&#8221; header_font_size=&#8221;30px&#8221;][\/dsm_text_divider][\/et_pb_column][\/et_pb_row][et_pb_row column_structure=&#8221;1_3,1_3,1_3&#8243; _builder_version=&#8221;3.26.5&#8243;][et_pb_column type=&#8221;1_3&#8243; _builder_version=&#8221;3.26.5&#8243;][et_pb_image src=&#8221;https:\/\/pcm.pomorskie.pl\/wp-content\/uploads\/2020\/03\/zdjecia-serwis-1.png&#8221; _builder_version=&#8221;3.26.5&#8243;][\/et_pb_image][\/et_pb_column][et_pb_column type=&#8221;1_3&#8243; _builder_version=&#8221;3.26.5&#8243;][et_pb_image src=&#8221;https:\/\/pcm.pomorskie.pl\/wp-content\/uploads\/2020\/03\/zdjecia-serwis-2-1.png&#8221; _builder_version=&#8221;3.26.5&#8243;][\/et_pb_image][\/et_pb_column][et_pb_column type=&#8221;1_3&#8243; _builder_version=&#8221;3.26.5&#8243;][et_pb_image src=&#8221;https:\/\/pcm.pomorskie.pl\/wp-content\/uploads\/2020\/03\/zdjecia-serwis-3.png&#8221; _builder_version=&#8221;3.26.5&#8243; custom_margin=&#8221;-23px|||||&#8221;][\/et_pb_image][\/et_pb_column][\/et_pb_row][\/et_pb_section][et_pb_section fb_built=&#8221;1&#8243; _builder_version=&#8221;3.26.5&#8243; custom_margin=&#8221;14px|||||&#8221; custom_padding=&#8221;54px||0px|||&#8221;][et_pb_row _builder_version=&#8221;3.26.5&#8243;][et_pb_column type=&#8221;4_4&#8243; _builder_version=&#8221;3.26.5&#8243;][dsm_text_divider header=&#8221;Posiadamy autoryzacj\u0119&#8221; color=&#8221;#0c71c3&#8243; _builder_version=&#8221;3.26.5&#8243; header_font=&#8221;Titillium Web||||||||&#8221; header_font_size=&#8221;30px&#8221;][\/dsm_text_divider][\/et_pb_column][\/et_pb_row][et_pb_row column_structure=&#8221;1_3,1_3,1_3&#8243; _builder_version=&#8221;3.26.5&#8243;][et_pb_column type=&#8221;1_3&#8243; _builder_version=&#8221;3.26.5&#8243;][\/et_pb_column][et_pb_column type=&#8221;1_3&#8243; _builder_version=&#8221;3.26.5&#8243;][et_pb_image src=&#8221;https:\/\/pcm.pomorskie.pl\/wp-content\/uploads\/2020\/03\/autoryz.png&#8221; _builder_version=&#8221;3.26.5&#8243;][\/et_pb_image][\/et_pb_column][et_pb_column type=&#8221;1_3&#8243; _builder_version=&#8221;3.26.5&#8243;][\/et_pb_column][\/et_pb_row][\/et_pb_section][et_pb_section fb_built=&#8221;1&#8243; _builder_version=&#8221;3.26.5&#8243; background_color=&#8221;#f3f5fa&#8221;][et_pb_row _builder_version=&#8221;3.26.5&#8243;][et_pb_column type=&#8221;4_4&#8243; _builder_version=&#8221;3.26.5&#8243;][dsm_text_divider header=&#8221;Oferujemy r\u00f3wnie\u017c&#8221; color=&#8221;#0c71c3&#8243; _builder_version=&#8221;3.26.5&#8243; header_font=&#8221;Titillium Web||||||||&#8221; header_font_size=&#8221;30px&#8221;][\/dsm_text_divider][\/et_pb_column][\/et_pb_row][et_pb_row column_structure=&#8221;1_3,1_3,1_3&#8243; custom_margin=&#8221;-3px|auto||auto||&#8221; _builder_version=&#8221;3.26.5&#8243; background_color=&#8221;#FFFFFF&#8221; border_radii=&#8221;on|20px|20px|20px|20px&#8221; width=&#8221;90%&#8221; max_width=&#8221;2085px&#8221; custom_padding__hover_enabled=&#8221;on&#8221;][et_pb_column type=&#8221;1_3&#8243; _builder_version=&#8221;3.26.5&#8243;][et_pb_blurb title=&#8221;Wzorcowanie w ramach akredytacji PCA &#8221; image=&#8221;https:\/\/pcm.pomorskie.pl\/wp-content\/uploads\/2020\/03\/scale.png&#8221; image_max_width=&#8221;60%&#8221; _builder_version=&#8221;3.26.5&#8243; header_text_align=&#8221;center&#8221; header_line_height=&#8221;1.1em&#8221;][\/et_pb_blurb][et_pb_button button_text=&#8221;Sprawd\u017a&#8221; button_alignment=&#8221;center&#8221; _builder_version=&#8221;3.26.5&#8243; custom_margin=&#8221;49px|||||&#8221;][\/et_pb_button][\/et_pb_column][et_pb_column type=&#8221;1_3&#8243; _builder_version=&#8221;3.26.5&#8243;][et_pb_blurb title=&#8221;Us\u0142ug\u0119 legalizacji ponownej lub ocen\u0119 zgodno\u015bci&#8221; image=&#8221;https:\/\/pcm.pomorskie.pl\/wp-content\/uploads\/2020\/03\/business-and-finance-1.png&#8221; image_max_width=&#8221;60%&#8221; _builder_version=&#8221;3.26.5&#8243; header_text_align=&#8221;center&#8221; header_line_height=&#8221;1.1em&#8221;][\/et_pb_blurb][et_pb_button button_text=&#8221;Sprawd\u017a&#8221; button_alignment=&#8221;center&#8221; _builder_version=&#8221;3.26.5&#8243;][\/et_pb_button][\/et_pb_column][et_pb_column type=&#8221;1_3&#8243; _builder_version=&#8221;3.26.5&#8243;][et_pb_blurb title=&#8221;Wynajem, obs\u0142ug\u0119 oraz transport wzorc\u00f3w masy&#8221; image=&#8221;https:\/\/pcm.pomorskie.pl\/wp-content\/uploads\/2020\/03\/parcel-weight.png&#8221; image_max_width=&#8221;60%&#8221; _builder_version=&#8221;3.26.5&#8243; header_text_align=&#8221;center&#8221; header_line_height=&#8221;1.1em&#8221;][\/et_pb_blurb][et_pb_button button_url=&#8221;https:\/\/pcm.pomorskie.pl\/index.php\/wynajem-obciazen\/&#8221; button_text=&#8221;Sprawd\u017a&#8221; button_alignment=&#8221;center&#8221; _builder_version=&#8221;3.26.5&#8243;][\/et_pb_button][\/et_pb_column][\/et_pb_row][\/et_pb_section][et_pb_section fb_built=&#8221;1&#8243; _builder_version=&#8221;3.26.5&#8243; background_color=&#8221;#dddddd&#8221; custom_margin=&#8221;29px|||||&#8221; custom_padding=&#8221;2px|||||&#8221; global_module=&#8221;250&#8243; saved_tabs=&#8221;all&#8221;][et_pb_row _builder_version=&#8221;3.26.5&#8243;][et_pb_column type=&#8221;4_4&#8243; _builder_version=&#8221;3.26.5&#8243;][dsm_text_divider header=&#8221;Skontaktuj si\u0119 z nami&#8221; color=&#8221;#0c71c3&#8243; _builder_version=&#8221;3.26.5&#8243; header_font=&#8221;Titillium Web||||||||&#8221; header_font_size=&#8221;30px&#8221;][\/dsm_text_divider][\/et_pb_column][\/et_pb_row][et_pb_row column_structure=&#8221;1_2,1_2&#8243; _builder_version=&#8221;3.26.5&#8243; width=&#8221;90%&#8221; max_width=&#8221;2560px&#8221;][et_pb_column type=&#8221;1_2&#8243; _builder_version=&#8221;3.26.5&#8243;][et_pb_text _builder_version=&#8221;3.26.5&#8243; text_text_color=&#8221;#000000&#8243; header_text_color=&#8221;#FFFFFF&#8221;]<\/p>\n<p><span style=\"color: #0c71c3; font-size: 22px;\"><strong>Pomorskie Centrum D\u017awignicowe<\/strong><\/span><\/p>\n<div id=\"element_43\" data-element-type=\"text\" class=\"ww_element\" groupid=\"footerGroupLayer_pl\" fixed=\"false\" fullwidth=\"false\" data-positionorigin=\"pageTopLeft\">\n<div id=\"element_43_content\" class=\"content text_content\">\n<div class=\"ww_text_wrapper forceLineHeight wwTextContent\">\n<h3><span style=\"color: #0c71c3;\"><strong>Podmiot o<\/strong><strong style=\"font-size: 22px;\">dpowiedzialny<\/strong><\/span><\/h3>\n<p><span style=\"font-size: 14px;\">GRUPA Pomorskie Centrum Sp. z\u00a0o.o<\/span><\/p>\n<p><span>Teren Gda\u0144skiego Parku Naukowo-Technologicznego\u00a0<\/span><\/p>\n<p><span>Budynek B\u00a0<\/span><\/p>\n<p><span>ul. Trzy Lipy 3<\/span><\/p>\n<p><span>80-172 Gda\u0144sk<\/span><\/p>\n<\/div>\n<\/div>\n<\/div>\n<div id=\"element_44\" data-element-type=\"text\" class=\"ww_element\" groupid=\"footerGroupLayer_pl\" fixed=\"false\" fullwidth=\"false\" data-positionorigin=\"pageTopLeft\">\n<div id=\"element_44_content\" class=\"content text_content\">\n<div class=\"ww_text_wrapper forceLineHeight wwTextContent\">\n<h3><strong><span><\/span><\/strong><\/h3>\n<h3><span style=\"color: #0c71c3;\"><strong>Dane firmy:<\/strong><\/span><\/h3>\n<p><span>KRS: 0000518740 | REGON: 222136851 | NIP: 957 107 47 17<\/span><\/p>\n<\/div>\n<\/div>\n<\/div>\n<div id=\"element_45\" data-element-type=\"googleMaps\" class=\"ww_element\" groupid=\"footerGroupLayer_pl\" fixed=\"false\" fullwidth=\"false\" data-positionorigin=\"pageTopLeft\">\n<div id=\"element_45_content\" class=\"content ww_googleMaps_content\">\n<div class=\"ww_googleMaps_element\"><strong style=\"color: #333333; font-size: 22px;\"><\/strong><\/div>\n<div class=\"ww_googleMaps_element\"><strong style=\"color: #333333; font-size: 22px;\"><\/strong><\/div>\n<div class=\"ww_googleMaps_element\"><strong style=\"color: #333333; font-size: 22px;\"><\/strong><\/div>\n<div class=\"ww_googleMaps_element\"><strong style=\"color: #333333; font-size: 22px;\"><\/strong><\/div>\n<div class=\"ww_googleMaps_element\"><strong style=\"color: #333333; font-size: 22px;\"><\/strong><\/div>\n<div class=\"ww_googleMaps_element\"><strong style=\"color: #333333; font-size: 22px;\"><\/strong><\/div>\n<div class=\"ww_googleMaps_element\"><strong style=\"color: #333333; font-size: 22px;\"><\/strong><\/div>\n<div class=\"ww_googleMaps_element\"><strong style=\"color: #333333; font-size: 22px;\"><br \/> <span style=\"color: #0c71c3;\">Ko<\/span><\/strong><span style=\"color: #0c71c3; font-size: 22px;\"><strong>ntakt<br \/> <\/strong><\/span><span style=\"font-size: 14px;\">Infolinia:\u00a0<\/span><strong style=\"font-size: 14px;\"><a href=\"tel:583804441\" class=\"custom_link\">58 380 44 40<\/a>\u00a0<\/strong><span style=\"font-size: 14px;\">E-mail:<\/span><a href=\"mailto:%20grupa@pomorskiecentrum.eu\" class=\"custom_link\" style=\"font-size: 14px;\">\u00a0<strong>grupa@pomorskiecentrum.eu<\/strong><\/a><\/div>\n<\/div>\n<\/div>\n<div id=\"element_46\" data-element-type=\"text\" class=\"ww_element\" groupid=\"footerGroupLayer_pl\" fixed=\"false\" fullwidth=\"false\" data-positionorigin=\"pageTopLeft\">\n<div id=\"element_46_content\" class=\"content text_content\">\n<div class=\"ww_text_wrapper forceLineHeight wwTextContent\">\n<p>&nbsp;<\/p>\n<p><span>Copyright \u00a9 2019 GRUPA Pomorskie Centrum Sp\u00f3\u0142ka z o.o.<\/span><\/p>\n<\/div>\n<\/div>\n<\/div>\n<p>[\/et_pb_text][\/et_pb_column][et_pb_column type=&#8221;1_2&#8243; _builder_version=&#8221;3.26.5&#8243;][et_pb_map _builder_version=&#8221;3.26.5&#8243;][\/et_pb_map][\/et_pb_column][\/et_pb_row][\/et_pb_section]<\/p>\n","protected":false},"excerpt":{"rendered":"<p>[et_pb_section fb_built=&#8221;1&#8243; custom_padding_last_edited=&#8221;on|phone&#8221; admin_label=&#8221;Header&#8221; _builder_version=&#8221;3.26.5&#8243; use_background_color_gradient=&#8221;on&#8221; background_color_gradient_start=&#8221;#f6f7fa&#8221; background_color_gradient_end=&#8221;rgba(255,255,255,0)&#8221; background_color_gradient_direction=&#8221;90deg&#8221; background_color_gradient_start_position=&#8221;39%&#8221; background_color_gradient_end_position=&#8221;58%&#8221; background_color_gradient_overlays_image=&#8221;on&#8221; background_image=&#8221;https:\/\/pcm.pomorskie.pl\/wp-content\/uploads\/2020\/03\/naprawa-wag-1.png&#8221; background_position=&#8221;top_center&#8221; custom_margin=&#8221;|||&#8221; custom_padding=&#8221;15vw||15vw||true|false&#8221; custom_padding_tablet=&#8221;||||false|false&#8221; custom_padding_phone=&#8221;||||false|false&#8221; bottom_divider_height=&#8221;14px&#8221; bottom_divider_repeat_tablet=&#8221;14x&#8221; bottom_divider_repeat_phone=&#8221;7x&#8221; bottom_divider_repeat_last_edited=&#8221;on|phone&#8221;][et_pb_row _builder_version=&#8221;3.25&#8243;][et_pb_column type=&#8221;4_4&#8243; _builder_version=&#8221;3.25&#8243; custom_padding=&#8221;|||&#8221; custom_padding__hover=&#8221;|||&#8221;][et_pb_text disabled_on=&#8221;on|off|off&#8221; _builder_version=&#8221;3.26.5&#8243; text_font=&#8221;||||||||&#8221; header_font=&#8221;Titillium Web||||||||&#8221; header_font_size=&#8221;50px&#8221; header_line_height=&#8221;1.4em&#8221; header_2_font=&#8221;||||||||&#8221; header_2_text_color=&#8221;rgba(0,0,0,0.35)&#8221; header_2_font_size=&#8221;20px&#8221; header_2_line_height=&#8221;1.6em&#8221; max_width=&#8221;500px&#8221; custom_margin=&#8221;|||-69px||&#8221; animation_style=&#8221;slide&#8221; animation_direction=&#8221;bottom&#8221; header_font_size_tablet=&#8221;35px&#8221; header_font_size_phone=&#8221;25px&#8221; header_font_size_last_edited=&#8221;on|desktop&#8221;] Naprawa i Serwis [\/et_pb_text][\/et_pb_column][\/et_pb_row][\/et_pb_section][et_pb_section fb_built=&#8221;1&#8243; _builder_version=&#8221;3.26.5&#8243; custom_padding=&#8221;||0px|||&#8221;][et_pb_row column_structure=&#8221;3_5,2_5&#8243; _builder_version=&#8221;3.26.5&#8243; max_width=&#8221;1899px&#8221;][et_pb_column [&hellip;]<\/p>\n","protected":false},"author":1,"featured_media":0,"parent":0,"menu_order":0,"comment_status":"closed","ping_status":"closed","template":"","meta":{"_et_pb_use_builder":"on","_et_pb_old_content":"","_et_gb_content_width":""},"_links":{"self":[{"href":"https:\/\/pcm.pomorskie.pl\/index.php\/wp-json\/wp\/v2\/pages\/918"}],"collection":[{"href":"https:\/\/pcm.pomorskie.pl\/index.php\/wp-json\/wp\/v2\/pages"}],"about":[{"href":"https:\/\/pcm.pomorskie.pl\/index.php\/wp-json\/wp\/v2\/types\/page"}],"author":[{"embeddable":true,"href":"https:\/\/pcm.pomorskie.pl\/index.php\/wp-json\/wp\/v2\/users\/1"}],"replies":[{"embeddable":true,"href":"https:\/\/pcm.pomorskie.pl\/index.php\/wp-json\/wp\/v2\/comments?post=918"}],"version-history":[{"count":11,"href":"https:\/\/pcm.pomorskie.pl\/index.php\/wp-json\/wp\/v2\/pages\/918\/revisions"}],"predecessor-version":[{"id":1214,"href":"https:\/\/pcm.pomorskie.pl\/index.php\/wp-json\/wp\/v2\/pages\/918\/revisions\/1214"}],"wp:attachment":[{"href":"https:\/\/pcm.pomorskie.pl\/index.php\/wp-json\/wp\/v2\/media?parent=918"}],"curies":[{"name":"wp","href":"https:\/\/api.w.org\/{rel}","templated":true}]}}